{"id":1810,"date":"2025-01-04T12:49:11","date_gmt":"2025-01-04T11:49:11","guid":{"rendered":"http:\/\/feuerwehr-haschbach.de\/?page_id=1810"},"modified":"2025-02-06T10:36:24","modified_gmt":"2025-02-06T09:36:24","slug":"einsaetze-2025","status":"publish","type":"page","link":"https:\/\/feuerwehr-haschbach.de\/?page_id=1810","title":{"rendered":"Eins\u00e4tze 2025"},"content":{"rendered":"<p><a href=\"https:\/\/feuerwehr-haschbach.de\/?p=1828\">Nr.3: 06.02.2025 B2 &#8211; Rauchentwicklung aus Geb\u00e4ude<\/a><\/p>\n<p><a href=\"https:\/\/feuerwehr-haschbach.de\/?p=1817\">Nr.2: 06.01.2025 H1 &#8211; Umgest\u00fcrzter Baum<\/a><\/p>\n<p><a href=\"https:\/\/feuerwehr-haschbach.de\/?p=1814\">Nr.1: 06.01.2025 H1 &#8211; Umgest\u00fcrzter Baum<\/a><\/p>\n","protected":false},"excerpt":{"rendered":"<p>Nr.3: 06.02.2025 B2 &#8211; Rauchentwicklung aus Geb\u00e4ude Nr.2: 06.01.2025 H1 &#8211; Umgest\u00fcrzter Baum Nr.1: 06.01.2025 H1 &#8211; Umgest\u00fcrzter Baum<\/p>\n","protected":false},"author":5,"featured_media":0,"parent":1034,"menu_order":0,"comment_status":"closed","ping_status":"closed","template":"","meta":{"footnotes":""},"class_list":["post-1810","page","type-page","status-publish","hentry"],"_links":{"self":[{"href":"https:\/\/feuerwehr-haschbach.de\/index.php?rest_route=\/wp\/v2\/pages\/1810","targetHints":{"allow":["GET"]}}],"collection":[{"href":"https:\/\/feuerwehr-haschbach.de\/index.php?rest_route=\/wp\/v2\/pages"}],"about":[{"href":"https:\/\/feuerwehr-haschbach.de\/index.php?rest_route=\/wp\/v2\/types\/page"}],"author":[{"embeddable":true,"href":"https:\/\/feuerwehr-haschbach.de\/index.php?rest_route=\/wp\/v2\/users\/5"}],"replies":[{"embeddable":true,"href":"https:\/\/feuerwehr-haschbach.de\/index.php?rest_route=%2Fwp%2Fv2%2Fcomments&post=1810"}],"version-history":[{"count":4,"href":"https:\/\/feuerwehr-haschbach.de\/index.php?rest_route=\/wp\/v2\/pages\/1810\/revisions"}],"predecessor-version":[{"id":1830,"href":"https:\/\/feuerwehr-haschbach.de\/index.php?rest_route=\/wp\/v2\/pages\/1810\/revisions\/1830"}],"up":[{"embeddable":true,"href":"https:\/\/feuerwehr-haschbach.de\/index.php?rest_route=\/wp\/v2\/pages\/1034"}],"wp:attachment":[{"href":"https:\/\/feuerwehr-haschbach.de\/index.php?rest_route=%2Fwp%2Fv2%2Fmedia&parent=1810"}],"curies":[{"name":"wp","href":"https:\/\/api.w.org\/{rel}","templated":true}]}}