{"id":8,"date":"2016-04-28T02:59:15","date_gmt":"2016-04-28T00:59:15","guid":{"rendered":"http:\/\/feuerwehr-haschbach.de\/?page_id=8"},"modified":"2021-01-02T10:56:18","modified_gmt":"2021-01-02T09:56:18","slug":"wir-ueber-uns","status":"publish","type":"page","link":"https:\/\/feuerwehr-haschbach.de\/?page_id=8","title":{"rendered":"Wir \u00fcber uns"},"content":{"rendered":"<p><img loading=\"lazy\" decoding=\"async\" class=\"alignnone  wp-image-975 aligncenter\" src=\"https:\/\/feuerwehr-haschbach.de\/wp-content\/uploads\/2019\/11\/Logo-FW_Haschbach2-300x110.jpg\" alt=\"\" width=\"398\" height=\"146\" \/><\/p>\n<ul>\n<li style=\"text-align: center;\"><a href=\"https:\/\/feuerwehr-haschbach.de\/?page_id=1372\">Mannschaft<\/a><\/li>\n<li style=\"text-align: center;\"><a href=\"https:\/\/feuerwehr-haschbach.de\/?page_id=15\">Geschichte<\/a><\/li>\n<li style=\"text-align: center;\"><a href=\"https:\/\/feuerwehr-haschbach.de\/?page_id=55\">Ger\u00e4tehaus<\/a><\/li>\n<li style=\"text-align: center;\"><a href=\"https:\/\/feuerwehr-haschbach.de\/?page_id=50\">Fahrzeug<\/a><\/li>\n<li style=\"text-align: center;\"><a href=\"https:\/\/feuerwehr-haschbach.de\/?page_id=95\">\u00dcbungsplan<\/a><\/li>\n<li style=\"text-align: center;\"><a href=\"https:\/\/feuerwehr-haschbach.de\/?page_id=37\">Ortsgemeinde Haschbach<\/a><\/li>\n<li style=\"text-align: center;\"><a href=\"https:\/\/feuerwehr-haschbach.de\/?page_id=44\">Feuerwehrf\u00f6rderverein Haschbach<\/a><\/li>\n<li style=\"text-align: center;\"><a href=\"https:\/\/feuerwehr-haschbach.de\/?page_id=1166\">Malvorlagen<\/a><\/li>\n<\/ul>\n","protected":false},"excerpt":{"rendered":"<p>Mannschaft Geschichte Ger\u00e4tehaus Fahrzeug \u00dcbungsplan Ortsgemeinde Haschbach Feuerwehrf\u00f6rderverein Haschbach Malvorlagen<\/p>\n","protected":false},"author":1,"featured_media":0,"parent":0,"menu_order":0,"comment_status":"closed","ping_status":"closed","template":"","meta":{"footnotes":""},"class_list":["post-8","page","type-page","status-publish","hentry"],"_links":{"self":[{"href":"https:\/\/feuerwehr-haschbach.de\/index.php?rest_route=\/wp\/v2\/pages\/8","targetHints":{"allow":["GET"]}}],"collection":[{"href":"https:\/\/feuerwehr-haschbach.de\/index.php?rest_route=\/wp\/v2\/pages"}],"about":[{"href":"https:\/\/feuerwehr-haschbach.de\/index.php?rest_route=\/wp\/v2\/types\/page"}],"author":[{"embeddable":true,"href":"https:\/\/feuerwehr-haschbach.de\/index.php?rest_route=\/wp\/v2\/users\/1"}],"replies":[{"embeddable":true,"href":"https:\/\/feuerwehr-haschbach.de\/index.php?rest_route=%2Fwp%2Fv2%2Fcomments&post=8"}],"version-history":[{"count":11,"href":"https:\/\/feuerwehr-haschbach.de\/index.php?rest_route=\/wp\/v2\/pages\/8\/revisions"}],"predecessor-version":[{"id":1380,"href":"https:\/\/feuerwehr-haschbach.de\/index.php?rest_route=\/wp\/v2\/pages\/8\/revisions\/1380"}],"wp:attachment":[{"href":"https:\/\/feuerwehr-haschbach.de\/index.php?rest_route=%2Fwp%2Fv2%2Fmedia&parent=8"}],"curies":[{"name":"wp","href":"https:\/\/api.w.org\/{rel}","templated":true}]}}